{"id":134,"date":"2023-05-07T00:32:46","date_gmt":"2023-05-06T22:32:46","guid":{"rendered":"http:\/\/valoreim.com\/?page_id=134"},"modified":"2023-05-07T00:36:05","modified_gmt":"2023-05-06T22:36:05","slug":"politique-confidentialite","status":"publish","type":"page","link":"https:\/\/valoreim.com\/index.php\/politique-confidentialite\/","title":{"rendered":"Politique de confidentialit\u00e9"},"content":{"rendered":"\n<h3 class=\"wp-block-heading\">D\u00e9finitions<\/h3>\n\n\n\n<p>Les termes commen\u00e7ant par une majuscule et utilis\u00e9s dans la Politique de protection des Donn\u00e9es Personnelles (ci-apr\u00e8s la \u00ab Politique \u00bb) sont d\u00e9finis dans la pr\u00e9sente rubrique \u00ab D\u00e9finitions \u00bb&nbsp;:<\/p>\n\n\n\n<ul class=\"wp-block-list\">\n<li>Donn\u00e9es Personnelles : Conform\u00e9ment \u00e0 l\u2019article 4 du RGPD, il s\u2019agit de \u00ab toute information se rapportant \u00e0 une personne physiques identifi\u00e9e ou identifiable [\u2026] ; une personne physique peut \u00eatre identifi\u00e9e, directement ou indirectement, notamment par r\u00e9f\u00e9rence \u00e0 un identifiant, tel qu\u2019un nom, un num\u00e9ro d\u2019identification, une adresse IP, des donn\u00e9es de localisation, un identifiant en ligne, ou \u00e0 un ou plusieurs \u00e9l\u00e9ments sp\u00e9cifiques propres \u00e0 son identit\u00e9 physiques, physiologique, g\u00e9n\u00e9tique, psychique, \u00e9conomique, culturelle ou sociale \u00bb.<\/li>\n\n\n\n<li>Prestations : Ensemble des services, des offres d\u2019accompagnement, des Prestations intellectuelles prodigu\u00e9es, \u00e0 titre on\u00e9reux, par Valoreim Patrimoine SAS, dans le cadre de ses activit\u00e9s commerciales.<\/li>\n\n\n\n<li>R\u00e8glementation Applicable : D\u00e9signe (i) la Loi n\u00b078-17 du 6 janvier 1978 modifi\u00e9e relative \u00e0 l\u2019informatique, aux fichiers et aux libert\u00e9s, (ii) le R\u00e8glement UE 2016\/679 du Parlement europ\u00e9en et du Conseil du 27 avril 2016 relatif \u00e0 la protection des personnes physiques \u00e0 l\u2019\u00e9gard du traitement des donn\u00e9es \u00e0 caract\u00e8re personnel et \u00e0 la libre circulation de ces donn\u00e9es (ci-apr\u00e8s le \u00ab RGPD \u00bb), (iii) les d\u00e9crets d\u2019application de la loi n\u00b078-16 du 6 janvier 1978 modifi\u00e9e, (iv) la proposition du R\u00e8glement europ\u00e9en n\u00b02017\/0003 du 10 janvier 2017 concernant le respect de la vie priv\u00e9e et la protection des donn\u00e9es \u00e0 caract\u00e8re personnel dans les communications \u00e9lectroniques et abrogeant la directive 2002\/58\/CE, ainsi que (v) toute r\u00e8glementation relative aux traitements de Donn\u00e9es Personnelles ainsi qu\u2019\u00e0 la protection de la vie priv\u00e9e et des communications \u00e9lectroniques applicable.<\/li>\n\n\n\n<li>Responsable de traitement : Organisme, priv\u00e9 ou public, d\u00e9terminant les finalit\u00e9s et les moyens des traitements de Donn\u00e9es Personnelles r\u00e9alis\u00e9s.<\/li>\n\n\n\n<li>Site : Le ou les Sites internet appartenant \u00e0 ou exploit\u00e9s par Valoreim Patrimoine SAS.<\/li>\n\n\n\n<li>Sous-traitant : Organisme, priv\u00e9 ou public, traitant des Donn\u00e9es Personnelles pour le compte, sur instruction et sous l\u2019autorit\u00e9 d\u2019un Responsable de traitement.<\/li>\n\n\n\n<li>Utilisateur : Toute personne ayant acc\u00e8s au Site, quelle que soit sa qualit\u00e9 (professionnelle ou personnelle), le lieu o\u00f9 elle se trouve, les modalit\u00e9s de connexion, l\u2019objet et la finalit\u00e9 de son acc\u00e8s.<\/li>\n<\/ul>\n\n\n\n<h3 class=\"wp-block-heading\">Pr\u00e9ambule<\/h3>\n\n\n\n<p>La protection des Donn\u00e9es Personnelles est fondamentale pour Valoreim Patrimoine SAS en ce qu\u2019il s\u2019agit d\u2019un \u00e9l\u00e9ment essentiel de notre relation. Conform\u00e9ment \u00e0 la R\u00e8glementation Applicable, Valoreim Patrimoine SAS s\u2019engage \u00e0 assurer la protection, la confidentialit\u00e9 ainsi que la s\u00e9curit\u00e9 des Donn\u00e9es Personnelles de ses prospects, clients, partenaires et de tout autre Utilisateur.<\/p>\n\n\n\n<p>La Politique vise \u00e0 diffuser une information simple, claire et compl\u00e8te sur les traitements de Donn\u00e9es Personnelles que nous mettons en \u0153uvre.<\/p>\n\n\n\n<h3 class=\"wp-block-heading\">Champ d\u2019application<\/h3>\n\n\n\n<p>Lorsque nous utilisons les termes \u00ab Valoreim Patrimoine SAS \u00bb, \u00ab nous \u00bb, \u00ab notre \u00bb ou \u00ab nos \u00bb, nous faisons r\u00e9f\u00e9rence \u00e0 : Valoreim Patrimoine SAS, soci\u00e9t\u00e9 par actions simplifi\u00e9e dont le si\u00e8ge se situe au 53 boulevard Daniel Dupuis 41000, Blois, France.<\/p>\n\n\n\n<p>Sur son Site internet, Valoreim Patrimoine SAS est amen\u00e9e \u00e0 collecter des Donn\u00e9es Personnelles pour r\u00e9aliser les traitements suivants :<\/p>\n\n\n\n<ul class=\"wp-block-list\">\n<li>R\u00e9pondre aux demandes envoy\u00e9es depuis le formulaire de contact ;<\/li>\n\n\n\n<li>Promouvoir ses services et \u00e9v\u00e9nements<\/li>\n\n\n\n<li>G\u00e9rer les demandes d\u2019exercice de droits ;<\/li>\n\n\n\n<li>Recruter des candidats ;<\/li>\n\n\n\n<li>G\u00e9rer son activit\u00e9 commerciale.<\/li>\n\n\n\n<li>Pour ces traitements, Valoreim Patrimoine SAS est Responsable de traitement puisqu\u2019elle d\u00e9termine les moyens et les finalit\u00e9s.<\/li>\n<\/ul>\n\n\n\n<p>Dans le cadre des services et Prestations qu\u2019elle propose, Valoreim Patrimoine SAS agit pour le compte et sur instruction de ses clients, Responsables de traitement. Valoreim Patrimoine SAS est donc Sous-traitant. Les conditions d\u2019ex\u00e9cution des Traitements r\u00e9alis\u00e9s en tant que Sous-traitant sont d\u00e9crites dans les conditions g\u00e9n\u00e9rales de vente de Valoreim Patrimoine SAS ou dans le contrat sign\u00e9 avec le client. Ces traitements ne sont donc pas couverts par la pr\u00e9sente Politique.<\/p>\n\n\n\n<h3 class=\"wp-block-heading\">G\u00e9n\u00e9ralit\u00e9s applicables aux traitements mis en oeuvre par Valoreim Patrimoine SAS<\/h3>\n\n\n\n<p>Chaque traitement doit rigoureusement respecter les principes fondamentaux en mati\u00e8re de protection des Donn\u00e9es Personnelles. C\u2019est pour cette raison que nous mettons un point d\u2019honneur \u00e0 g\u00e9n\u00e9raliser ces principes \u00e0 tout traitement, parmi lesquels&nbsp;:<\/p>\n\n\n\n<ul class=\"wp-block-list\">\n<li>La minimisation des donn\u00e9es&nbsp;:Nous ne collectons que les Donn\u00e9es Personnelles strictement n\u00e9cessaires \u00e0 la r\u00e9alisation de nos objectifs. Pour l\u2019organisation d\u2019\u00e9v\u00e8nements, seules les informations permettant de vous inscrire et de v\u00e9rifier la pertinence de votre inscription sont collect\u00e9es.<\/li>\n\n\n\n<li>La s\u00e9curit\u00e9 de vos donn\u00e9es&nbsp;:Nous nous engageons \u00e0 prot\u00e9ger vos donn\u00e9es de tout risque. Qu\u2019il s\u2019agisse de leur perte, leur destruction, leur alt\u00e9ration, leur acc\u00e8s ou leur divulgation non autoris\u00e9e, nous veillons scrupuleusement \u00e0 ce que vos donn\u00e9es soient en s\u00e9curit\u00e9 par la mise en place de mesures techniques et organisationnelles.<\/li>\n\n\n\n<li>Les donn\u00e9es concernant des mineurs\u00a0: Nous ne collectons ni ne traitons pas de Donn\u00e9es Personnelles appartenant \u00e0 des personnes mineures. Dans l\u2019hypoth\u00e8se o\u00f9 un tel traitement se produirait sans l\u2019autorisation du titulaire de la responsabilit\u00e9 parentale, nous agirions directement pour supprimer ces Donn\u00e9es Personnelles de nos serveurs et\/ou de ceux de nos prestataires.<\/li>\n<\/ul>\n\n\n\n<h3 class=\"wp-block-heading\">Traitement mis en oeuvre par Valoreim Patrimoine SAS<\/h3>\n\n\n\n<p>R\u00e9ponses aux demandes envoy\u00e9es depuis le formulaire de contact<\/p>\n\n\n\n<p>Lorsque vous naviguez sur le Site internet de Valoreim Patrimoine SAS, vous pouvez \u00eatre amen\u00e9(e) \u00e0 faire une demande de contact via le formulaire pr\u00e9vu \u00e0 cet effet.<\/p>\n\n\n\n<p>Dans ce cadre et sur la base de son int\u00e9r\u00eat l\u00e9gitime \u00e0 r\u00e9pondre \u00e0 votre demande, Valoreim Patrimoine SAS traite et conserve les informations saisies sur le formulaire, \u00e0 savoir : votre identit\u00e9, vos coordonn\u00e9es de contact professionnelles, l\u2019objet et le contenu de votre demande, ainsi que toute information communiqu\u00e9e ult\u00e9rieurement lors de nos \u00e9changes.<\/p>\n\n\n\n<p>Ces donn\u00e9es sont trait\u00e9es par le service concern\u00e9 par votre demande.<\/p>\n\n\n\n<h3 class=\"wp-block-heading\">Promotion des services et \u00e9v\u00e9nements de Valoreim Patrimoine SAS<\/h3>\n\n\n\n<p>Valoreim Patrimoine SAS est \u00e0 m\u00eame d\u2019organiser des \u00e9v\u00e8nements (webinaires, ateliers de r\u00e9flexion, discussions et r\u00e9seautage) afin de promouvoir ses activit\u00e9s et ses services et vous partager des retours d\u2019exp\u00e9rience. Valoreim Patrimoine SAS peut \u00e9galement vous proposer de vous inscrire \u00e0 sa newsletter afin de vous informer de l\u2019actualit\u00e9 de ses m\u00e9tiers et plus globalement de vous partager de l\u2019information sur des sujets susceptibles de vous int\u00e9resser.<\/p>\n\n\n\n<p>Dans ce cadre, Valoreim Patrimoine SAS collecte et utilise les donn\u00e9es d\u2019identification personnelle et les coordonn\u00e9es professionnelles des personnes r\u00e9f\u00e9rentes chez les prospects et clients, y compris les donn\u00e9es publiques disponibles sur Internet, \u00e0 des fins de promotion des services et \u00e9v\u00e9nements de Valoreim Patrimoine SAS.<\/p>\n\n\n\n<p>Ces traitements sont fond\u00e9s sur l\u2019int\u00e9r\u00eat l\u00e9gitime de Valoreim Patrimoine SAS \u00e0 promouvoir ses activit\u00e9s aupr\u00e8s de contacts professionnels susceptibles d\u2019\u00eatre int\u00e9ress\u00e9s par les services de Valoreim Patrimoine SAS.<\/p>\n\n\n\n<p>Vous pouvez vous opposer \u00e0 recevoir des informations de notre part \u00e0 tout moment et sans justification, en signalant votre opposition :<\/p>\n\n\n\n<ul class=\"wp-block-list\">\n<li>soit directement \u00e0 l\u2019adresse \u00e9lectronique suivante : accueil@valoreim.com<\/li>\n\n\n\n<li>soit en cliquant sur le lien de d\u00e9sabonnement int\u00e9gr\u00e9 dans nos mails ou notre newsletter.<\/li>\n<\/ul>\n\n\n\n<p>Les donn\u00e9es sont trait\u00e9es \u00e0 cette fin par le service commercial de Valoreim Patrimoine SAS.<\/p>\n\n\n\n<p>En cas de collecte indirecte de vos donn\u00e9es \u00e0 des fins de communication marketing, notamment de donn\u00e9es publiques sur Internet, Valoreim Patrimoine SAS veillera \u00e0 vous informer d\u00e8s la premi\u00e8re communication, et en tout \u00e9tat de cause dans le mois suivant la collecte des donn\u00e9es, de l\u2019utilisation pr\u00e9vue et de votre possibilit\u00e9 de vous opposer au traitement de vos donn\u00e9es \u00e0 des fins commerciales.<\/p>\n\n\n\n<h3 class=\"wp-block-heading\">Gestion des demandes d\u2019exercice de droits<\/h3>\n\n\n\n<p>Lorsque vous souhaitez exercer vos droits au regard du RGPD, nous avons besoin de collecter les informations suivantes&nbsp;: vos nom, pr\u00e9nom, mail, le type et la description de la demande. De mani\u00e8re facultative, vous pouvez aussi joindre votre pi\u00e8ce d\u2019identit\u00e9. La r\u00e9ponse \u00e0 ces demandes est une obligation l\u00e9gale impos\u00e9e aux organismes par la R\u00e8glement Applicable.<\/p>\n\n\n\n<p>L\u2019\u00e9quipe RGPD de Valoreim Patrimoine SAS est en charge du traitement de ces demandes.<\/p>\n\n\n\n<h3 class=\"wp-block-heading\">Gestion du recrutement<\/h3>\n\n\n\n<p>Valoreim Patrimoine SAS est amen\u00e9e \u00e0 traiter des Donn\u00e9es Personnelles vous concernant lorsque vous contactez nos \u00e9quipes pour candidater au sein de notre organisation.<\/p>\n\n\n\n<p>Dans ce contexte, des Donn\u00e9es Personnelles vous concernant sont collect\u00e9es :<\/p>\n\n\n\n<ul class=\"wp-block-list\">\n<li>directement aupr\u00e8s de vous \u00e0 l\u2019occasion du processus de recrutement ;<\/li>\n\n\n\n<li>indirectement aupr\u00e8s de Tiers pour la v\u00e9rification de vos dipl\u00f4mes et r\u00e9f\u00e9rences, avec votre accord.<\/li>\n<\/ul>\n\n\n\n<p>Les donn\u00e9es collect\u00e9es sont les suivantes : nom, pr\u00e9nom, adresse mail, t\u00e9l\u00e9phone, exp\u00e9riences professionnelles, ainsi que toutes les informations que vous nous communiquez via la transmission de votre candidature et\/ou de votre curriculum vitae et\/ou des entretiens : photo, vid\u00e9o, comp\u00e9tences, niveau d\u2019\u00e9tude, langues parl\u00e9es, pr\u00e9tentions salariales, adresse personnelle, loisirs, situation familiale, etc.<\/p>\n\n\n\n<p>Si vous nous communiquez les coordonn\u00e9es de l\u2019une de vos r\u00e9f\u00e9rences, il vous incombe de vous assurer que celle-ci en est inform\u00e9e et vous a donn\u00e9 son accord.<\/p>\n\n\n\n<p>Ces donn\u00e9es sont trait\u00e9es par les \u00e9quipes recrutement de Valoreim Patrimoine SAS. Elles ne sont collect\u00e9es que dans le cadre de la gestion de votre candidature, sur la base de l\u2019int\u00e9r\u00eat l\u00e9gitime de Valoreim Patrimoine SAS ou de votre consentement et ne sont utilis\u00e9es \u00e0 aucune autre fin, notamment commerciale.<\/p>\n\n\n\n<p>Gestion des activit\u00e9s commerciales<\/p>\n\n\n\n<p>Valoreim Patrimoine SAS est \u00e9galement amen\u00e9e \u00e0 traiter des Donn\u00e9es Personnelles vous concernant lorsque :<\/p>\n\n\n\n<ul class=\"wp-block-list\">\n<li>vous faites une demande de devis pour des prestations de conseil via le formulaire de contact sur le Site internet ou directement par mail ou par t\u00e9l\u00e9phone aupr\u00e8s de nos \u00e9quipes ; votre organisation conclut un contrat avec<\/li>\n\n\n\n<li>Valoreim Patrimoine SAS en qualit\u00e9 de client, prestataire ou partenaire.<\/li>\n<\/ul>\n\n\n\n<p>Dans ce contexte, Valoreim Patrimoine SAS va collecter des informations relatives :<\/p>\n\n\n\n<p>au(x) contact(s) indiqu\u00e9(s) \u00e0 Valoreim Patrimoine SAS tel(s) que le contact indiqu\u00e9 sur le formulaire de contact, le r\u00e9f\u00e9rent principal pour le contrat, le contact pour la facturation et tout autre personne contact : nom, pr\u00e9nom, adresse mail professionnelle, t\u00e9l\u00e9phone professionnel, fonction, et toute les informations contenues dans les \u00e9changes (nature de la demande, etc.) ;<br>au(x) signataire(s) du contrat : nom, pr\u00e9nom, fonction, signature.<br>Ces donn\u00e9es sont destin\u00e9es aux collaborateurs en charge du suivi de la relation commerciale et\/ou du partenariat, de la comptabilit\u00e9\/facturation et aux collaborateurs des services impliqu\u00e9s par la demande\/le contrat.<\/p>\n\n\n\n<h3 class=\"wp-block-heading\">Dur\u00e9es de conservation<\/h3>\n\n\n\n<ul class=\"wp-block-list\">\n<li>Prospection commerciale : 3 ans \u00e0 compter du dernier contact \u00e9manant du prospect.<\/li>\n\n\n\n<li>Newsletter : Jusqu\u2019\u00e0 la d\u00e9sinscription \u00e0 la newsletter.<\/li>\n\n\n\n<li>Demande d\u2019exercice de droits : Jusqu\u2019\u00e0 la fin de la proc\u00e9dure d\u2019exercice de droits.<\/li>\n\n\n\n<li>Candidat non retenu : 2 ans apr\u00e8s la collecte des donn\u00e9es, sauf opposition de la part du candidat.<\/li>\n\n\n\n<li>Candidat retenu : Le temps de la pr\u00e9sence du collaborateur au sein de Valoreim Patrimoine SAS et apr\u00e8s son d\u00e9part pour la dur\u00e9e de conservation l\u00e9gale applicable. Certaines donn\u00e9es doivent \u00eatre conserv\u00e9es, au regard de la loi, apr\u00e8s le d\u00e9part du collaborateur (exemple : 5 ans pour le bulletin de paie).<\/li>\n\n\n\n<li>Ex\u00e9cution d\u2019un contrat : Le temps de la relation contractuelle et 5 ans apr\u00e8s la fin du contrat. Ce d\u00e9lai correspond au d\u00e9lai de prescription du droit commun civil.<\/li>\n\n\n\n<li>Ev\u00e9nement : 3 ans \u00e0 compter de la fin de l\u2019\u00e9v\u00e8nement.<\/li>\n<\/ul>\n\n\n\n<h3 class=\"wp-block-heading\">Destinataires des donn\u00e9es<\/h3>\n\n\n\n<p>Les destinataires des Donn\u00e9es Personnelles sont uniquement Valoreim Patrimoine SAS et ses collaborateurs en charge de l\u2019activit\u00e9 commerciale et marketing pour les traitements li\u00e9s \u00e0 cette activit\u00e9, ses collaborateurs op\u00e9rationnels en charge de la r\u00e9alisation des Prestations demand\u00e9es par les clients, son contr\u00f4leur de gestion pour la facturation des Prestations, ses collaborateurs en charge des ressources humaines pour le traitement des candidatures \u00e0 un emploi ou \u00e0 un stage.<\/p>\n\n\n\n<p>Valoreim Patrimoine SAS ne proc\u00e8de pas \u00e0 la commercialisation de Donn\u00e9es Personnelles.<\/p>\n\n\n\n<p>Valoreim Patrimoine SAS peut faire appel \u00e0 des prestataires de services tiers proc\u00e9dant au traitement de Donn\u00e9es Personnelles pour son compte, par exemple pour des campagnes commerciales, et le cas \u00e9ch\u00e9ant pour l\u2019h\u00e9bergement de donn\u00e9es. Valoreim Patrimoine SAS ne fait appel qu\u2019\u00e0 des Sous-traitants de confiance et dans le cadre de relations contractuelles encadr\u00e9es en ce qui concerne le respect au RGPD.<\/p>\n\n\n\n<h3 class=\"wp-block-heading\">Informations des personnes concern\u00e9es<\/h3>\n\n\n\n<p>Selon les dispositions de la R\u00e8glementation Applicable, tout personne concern\u00e9e par les traitements mis en \u0153uvre par Valoreim Patrimoine SAS en tant que Responsable de traitement dispose d\u2019un droit d\u2019acc\u00e8s, de rectification, d\u2019effacement, d\u2019opposition, de limitation et de portabilit\u00e9 des Donn\u00e9es Personnelles le concernant.<\/p>\n\n\n\n<p>L\u2019exercice des droits peut s\u2019effectuer en contactant le r\u00e9f\u00e9rent \u00e0 la protection des Donn\u00e9es de Valoreim Patrimoine SAS en envoyant un mail \u00e0 : accueil@valoreim.com<\/p>\n\n\n\n<p>Les Donn\u00e9es Personnelles qui seront communiqu\u00e9es \u00e0 la personne concern\u00e9e dans le cadre de l\u2019exercice de ses droits, le seront \u00e0 titre personnel et confidentiel. A ce titre, pour que sa demande d\u2019exercice de droit soit prise en compte, il pourra lui \u00eatre demand\u00e9 de bien vouloir fournir \u00e0 Valoreim Patrimoine SAS les \u00e9l\u00e9ments n\u00e9cessaires \u00e0 son identification, \u00e0 savoir, une attestation \u00e9crite sur l\u2019honneur par laquelle il certifie \u00eatre le titulaire des dites Donn\u00e9es Personnelles ainsi qu\u2019une photocopie de sa pi\u00e8ce d\u2019identit\u00e9 comportant une signature.<\/p>\n\n\n\n<p>En outre, il devra d\u00e9tailler sa demande sur les cat\u00e9gories et le type de Donn\u00e9es Personnelles concern\u00e9(e)s par sa demande, le type de droit exerc\u00e9 ainsi que la d\u00e9marche dans laquelle l\u2019exercice dudit droit s\u2019inscrit.<\/p>\n\n\n\n<p>En cas de litige, la personne concern\u00e9e dispose du droit de saisir la Commission Nationale de l\u2019Informatique et des Libert\u00e9s (CNIL).<\/p>\n\n\n\n<p>La personne concern\u00e9e a la possibilit\u00e9 de d\u00e9finir des directives relatives au sort de ses Donn\u00e9es Personnelles apr\u00e8s son d\u00e9c\u00e8s.<\/p>\n\n\n\n<p>Pour plus amples informations, concernant la R\u00e8glementation Applicable et notamment, les dur\u00e9es de conservation, le temps de traitement d\u2019une demande d\u2019exercice de droits, les obligations l\u00e9gales du Responsable de traitement ou du Sous-traitant, les personnes concern\u00e9es sont invit\u00e9es \u00e0 se rendre sur le Site internet de la CNIL :&nbsp;<a href=\"https:\/\/www.cnil.fr\/\" target=\"_blank\" rel=\"noreferrer noopener\">www.cnil.fr&nbsp;<\/a><\/p>\n\n\n\n<p>Elles sont \u00e9galement invit\u00e9es \u00e0 se rendre sur les sites l\u00e9gislatifs pour plus de d\u00e9tails r\u00e8glementaires (l\u00e9gifrance, eur-lex.europa.eu, etc.).<\/p>\n\n\n\n<h3 class=\"wp-block-heading\">Moyens techniques et logistiques mis en oeuvre<\/h3>\n\n\n\n<p>Vos Donn\u00e9es Personnelles sont s\u00e9curis\u00e9es par des mesures techniques et organisationnelles afin d\u2019en assurer la protection.<\/p>\n\n\n\n<p>Lesdites mesures prennent en compte la nature des donn\u00e9es ainsi que le niveau de criticit\u00e9 que pr\u00e9sente le traitement. Nous mettons tout en \u0153uvre pour emp\u00eacher toute destruction, perte, alt\u00e9ration, divulgation, intrusion ou acc\u00e8s non autoris\u00e9 \u00e0 vos donn\u00e9es, de mani\u00e8re accidentelle ou illicite. En outre, la dur\u00e9e de conservation des Donn\u00e9es Personnelles ne d\u00e9passe pas celle pr\u00e9vue par la R\u00e8glementation Applicable.<\/p>\n","protected":false},"excerpt":{"rendered":"<p>D\u00e9finitions Les termes commen\u00e7ant par une majuscule et utilis\u00e9s dans la Politique de protection des Donn\u00e9es Personnelles (ci-apr\u00e8s la \u00ab Politique \u00bb) sont d\u00e9finis dans la pr\u00e9sente rubrique \u00ab D\u00e9finitions \u00bb&nbsp;: Pr\u00e9ambule La protection des Donn\u00e9es Personnelles est fondamentale pour Valoreim Patrimoine SAS en ce qu\u2019il s\u2019agit d\u2019un \u00e9l\u00e9ment essentiel de notre relation. Conform\u00e9ment \u00e0 &hellip; <\/p>\n<p class=\"link-more\"><a href=\"https:\/\/valoreim.com\/index.php\/politique-confidentialite\/\" class=\"more-link\">Read more<span class=\"screen-reader-text\"> &#8220;Politique de confidentialit\u00e9&#8221;<\/span><\/a><\/p>\n","protected":false},"author":1,"featured_media":0,"parent":0,"menu_order":0,"comment_status":"closed","ping_status":"closed","template":"","meta":{"footnotes":""},"class_list":["post-134","page","type-page","status-publish","hentry"],"_links":{"self":[{"href":"https:\/\/valoreim.com\/index.php\/wp-json\/wp\/v2\/pages\/134","targetHints":{"allow":["GET"]}}],"collection":[{"href":"https:\/\/valoreim.com\/index.php\/wp-json\/wp\/v2\/pages"}],"about":[{"href":"https:\/\/valoreim.com\/index.php\/wp-json\/wp\/v2\/types\/page"}],"author":[{"embeddable":true,"href":"https:\/\/valoreim.com\/index.php\/wp-json\/wp\/v2\/users\/1"}],"replies":[{"embeddable":true,"href":"https:\/\/valoreim.com\/index.php\/wp-json\/wp\/v2\/comments?post=134"}],"version-history":[{"count":2,"href":"https:\/\/valoreim.com\/index.php\/wp-json\/wp\/v2\/pages\/134\/revisions"}],"predecessor-version":[{"id":137,"href":"https:\/\/valoreim.com\/index.php\/wp-json\/wp\/v2\/pages\/134\/revisions\/137"}],"wp:attachment":[{"href":"https:\/\/valoreim.com\/index.php\/wp-json\/wp\/v2\/media?parent=134"}],"curies":[{"name":"wp","href":"https:\/\/api.w.org\/{rel}","templated":true}]}}